{"id":75,"date":"2014-04-12T18:44:29","date_gmt":"2014-04-12T23:44:29","guid":{"rendered":"http:\/\/www.ssc.wisc.edu\/gender2\/?page_id=75"},"modified":"2023-09-14T17:01:50","modified_gmt":"2023-09-14T22:01:50","slug":"publications","status":"publish","type":"page","link":"https:\/\/www.ssc.wisc.edu\/gender\/?page_id=75","title":{"rendered":"Publications"},"content":{"rendered":"<h4 style=\"font-size: 20px;\">Collections based in part on seminars:<\/h4>\n<p style=\"font-size: 16px;\"><em style=\"font-size: 16px;\"><a style=\"font-size: 16px;\" title=\"Link to publisher's page\" href=\"https:\/\/nyupress.org\/books\/book-details.aspx?bookId=11386\" target=\"_blank\" rel=\"noopener noreferrer\">Gender, Violence, and Human Security: Critical Feminist Perspectives<\/a>\u00a0<\/em><br style=\"font-size: 16px;\" \/>Aili Tripp, Myra Marx Ferree, and Christina Ewig (eds) NYU Press, 2013.<\/p>\n<p style=\"font-size: 16px;\"><em style=\"font-size: 16px;\"><a style=\"font-size: 16px;\" title=\"link to the publisher's page\" href=\"http:\/\/www.nyupress.org\/books\/Global_Feminism-products_id-3590.html\" target=\"_blank\" rel=\"noopener noreferrer\">Global Feminisms <\/a><\/em><br style=\"font-size: 16px;\" \/>Myra Marx Ferree and Aili Tripp (eds) NYU Press, 2006.<\/p>\n<h4 style=\"font-size: 20px;\">Journal Publications:<\/h4>\n<p><span data-sheets-value=\"{&quot;1&quot;:2,&quot;2&quot;:&quot;Kang, Youbin (2023) \u201cInfrastructure Aunties\u201d in: Truelove Y. &amp; Annavarapu S. (eds.) Roadsides 9 Gendering Infrastructure: 30-35 https:\/\/roadsides.net\/kang-009\/&quot;}\" data-sheets-userformat=\"{&quot;2&quot;:513,&quot;3&quot;:{&quot;1&quot;:0},&quot;12&quot;:0}\">Kang, Youbin (2023) \u201cInfrastructure Aunties\u201d in: Truelove Y. &amp; Annavarapu S. (eds.) Roadsides 9 Gendering Infrastructure: 30-35 https:\/\/roadsides.net\/kang-009\/<\/span><\/p>\n<p>Li, Anita. 2023. \u201cWhich Grandparents? Multigenerational Education Associations by Grandparent Gender and Paternal- Vs. Maternal-Side.\u201d Socius. https:\/\/doi.org\/10.1177\/23780231231184221<\/p>\n<p>Schwartz, Christine R., Rodrigo Gonzalez Velastin, and Anita Li. 2023. \u201cLifetime Years Married Held Steady for Men with a BA Degree Since 1960 but Dropped to Lowest Level Since 1900 for Men Without a BA.&#8221; Proceedings of the National Academy of Sciences. https:\/\/doi.org\/10.1073\/pnas.2301983120.<\/p>\n<p style=\"font-size: 16px;\">Nobles, Jenna, Lindsay Cannon, and Allen J. Wilcox. 2022. \u201cMenstrual Irregularity as a Biological Limit to Early Pregnancy Awareness.\u201d Proceedings of the National Academy of Sciences 119(1):e2113762118. doi:10.1073\/pnas.2113762118. Link: https:\/\/www.pnas.org\/doi\/10.1073\/pnas.2113762118<\/p>\n<p style=\"font-size: 16px;\">Gronert, N. M. (2022). Using popular media portrayals to investigate undergraduates\u2019 perceptions of sexual consent. Gender and Education, 1-16.<\/p>\n<p style=\"font-size: 16px;\">Kang, Youbin (2021) \u201cThe Rise, Demise, and Replacement of the Bangladesh Experiment in Transnational Labour Regulation\u201d International Labour Review 160(3). Kang, Youbin (2021) \u201cAccess to justice after Rana Plaza: A preliminary assessment of grievance procedures and the legal system in the apparel global supply chain\u201d in: Delautre, G.,Echeverria Manrique E., Fenwick, C. (eds). Decent Work in a Globalized World: Lessons from Public and Private Initiatives. ILO: Geneva. p.265-300.<\/p>\n<div class=\"freebirdFormviewerViewNumberedItemContainer\" role=\"listitem\">\n<div class=\"freebirdFormviewerViewItemsItemItem freebirdFormviewerViewItemsTextTextItem\" data-item-id=\"1023763127\">\n<div class=\"freebirdFormviewerViewItemsTextTextItemContainer\">\n<div>\n<div class=\"freebirdFormviewerViewNumberedItemContainer\" role=\"listitem\">\n<div class=\"freebirdFormviewerViewItemsItemItem freebirdFormviewerViewItemsTextTextItem\" data-item-id=\"1023763127\">\n<div class=\"freebirdFormviewerViewItemsTextTextItemContainer\">\n<div class=\"freebirdFormviewerViewNumberedItemContainer\" role=\"listitem\">\n<div class=\"freebirdFormviewerViewItemsItemItem freebirdFormviewerViewItemsTextTextItem\" data-item-id=\"1023763127\">\n<div class=\"csl-bib-body\" style=\"font-size: 16px;\">\n<div class=\"csl-entry\" style=\"font-size: 16px;\">Frank, Sarah E. 2020. \u201cQueering Menstruation: Trans and Non-Binary Identity and Body Politics.\u201d <i style=\"font-size: 16px;\">Sociological Inquiry<\/i> 90(2):371\u2013404. doi: 10.1111\/soin.12355.<\/div>\n<div style=\"font-size: 16px;\"><\/div>\n<\/div>\n<p style=\"font-size: 16px;\">Murray D, Boothby C, Zhao H, Minik V, B\u00e9rub\u00e9 N, Larivi\u00e8re V, et al. (2020) Exploring the personal and professional factors associated with student evaluations of tenure track faculty. PLoS ONE 15(6): e0233515. https:\/\/doi.org\/10.1371\/journal.pone.0233515<\/p>\n<p style=\"font-size: 16px;\">Ferree, Myra M. \u201cDemocracy and Demography: Intersectional dimensions of German politics.\u201d Social Politics, Special Issue, 2021, forthcoming.<\/p>\n<p style=\"font-size: 16px;\">Ferree, Myra M. \u201cUnder Different Umbrellas: Intersectionality and Alliances in U.S. Feminist Politics.\u201d European Journal of Politics and Gender, Special Issue 2021, on-line before print, doi: 10.1332\/251510820X16068343934216<\/p>\n<p style=\"font-size: 16px;\">Ferree, Myra M. \u201cAfter Trump: Radical Selfishness and the Ethic of Care.\u201d Comment. Sociological Forum, 2021. https:\/\/doi.org\/10.1111\/socf.12700<\/p>\n<p>Ferree, Myra M.\u201cThe crisis of masculinity for gendered democracies: Before, during and after Trump.\u201d Sociological Forum, 2020, 35 (S1): 898-917.<\/p>\n<p class=\"freebirdFormviewerViewItemsTextTextItemContainer\">Brew, B., Alani, F., Li, A., &amp; Wildeman, C. 2021. Sticky Stigma: The Impact of Incarceration on Perceptions of Personality Traits and Deservingness. Social Forces, soab091. https:\/\/doi.org\/10.1093\/sf\/soab091<\/p>\n<\/div>\n<\/div>\n<p>Boydell V, Wright KQ, and Smith RD. A Rapid Review on Pleasure at First Sexual Experience(s). The Journal of Sex Research. 1-13. https:\/\/www.tandfonline.com\/doi\/pdf\/10.1080\/00224499.2021.1904810?needAccess=true<\/p>\n<\/div>\n<\/div>\n<\/div>\n<\/div>\n<p>Matthews, Morgan C. 2021. &#8220;Organizational Roots of Gender Polarization in the State Legislature.&#8221; Sociological Inquiry. https:\/\/doi.org\/10.1111\/soin.12447<\/p>\n<\/div>\n<\/div>\n<\/div>\n<p>Matthews, Morgan. 2020. &#8220;Women in State Political Parties.&#8221; <em>Contexts<\/em> 19(3):68-70.<\/p>\n<p>Higgins JA, Wright KQ, Sanders JN, Adkins DE, and Turok DK. 2020. Beyond safety and efficacy: Sexuality-Related Contraceptive Preferences and Their Associations with Contraceptive Method Selection. <em>Contraception<\/em>. 102(2).<\/p>\n<p>Leslie, Isaac Sohn, Jaclyn Wypler, and Michael Mayerfeld Bell. 2019. \u201cRelational Agriculture: Gender, Sexuality, and Sustainability in U.S. Farming.\u201d Society &amp; Natural Resources 32(8):853-74.<\/p>\n<p>Gronert, Nona Maria and Joshua Raclaw. 2019. &#8220;Contesting the terms of consent: how university students (dis)align with institutional policy on sexual consent.&#8221; <em>Gender &amp; Language<\/em>, 13(3).<\/p>\n<p>Hardee K, Jurczynska K, Sinai I, Boydell V, Muhwezi DK, Gray K, Wright KQ. 2019. Improving Voluntary, Rights-Based Family Planning: Experience from Nigeria and Uganda. <em>Open Access Journal of Contraception<\/em>. 10:55-67.<\/p>\n<p>Gronert, Nona. 2019. &#8220;Law, Campus Policy, Social Movements, and Sexual Violence: Where Do We Stand in the #MeToo Movement?&#8221; <em>Sociology Compass<\/em> 13(6):1-20.<\/p>\n<p>Wypler, Jaclyn. 2019. &#8220;Lesbian and Queen Sustainable Farmer Networks in the Midwest.&#8221; <em>Society &amp; Natural Resources<\/em> 32(8):947-964.<\/p>\n<p>Leslie, Isaac Sohn. 2019. &#8220;Queer Farmland: Land Access Strategies for Small-Scale Agriculture.&#8221; <em>Society &amp; Natural Resources<\/em> 32(8):928-946.<\/p>\n<p>Matthews, Morgan. 2019. &#8220;Developments in Gender and U.S. Politics: A Call for Intersectionality.&#8221; <em>Sociology Compass<\/em> 13(7):1-15.<\/p>\n<p>Zhang, Xing, and Sharon Sassler. 2019. &#8220;The Age of Independence, Revisited: Parents and Interracial Union Formation Across the Life Course.&#8221; <em>Sociological Forum<\/em> 34(2):361-385.<\/p>\n<p>Leslie, Isaac Sohn, Jaclyn Wypler, and Michael Bell. 2019. &#8220;Relational Agriculture: Gender, Sexuality, and Sustainability in U.S. Farming.&#8221; <em>Society &amp; Natural Resources<\/em> 32(8):853-874.<\/p>\n<p>Behrman Julia, Kelsey Q. Wright, Monica Grant, and Erica Soler-Hampesjek. 2018. &#8220;Modern Contraceptive Use Among Young Adult Women (ages 15-24) in Sub-Saharan Africa Between 1990 and 2015.&#8221; <em>Studies in Family Planning<\/em> 49(4):319-344.<\/p>\n<p>Leslie, Isaac Sohn. 2017. &#8220;Queer Farmers: Sexuality and the Transition to Sustainable Agriculture.&#8221; <em>Rural Sociology<\/em> 82(4):747-771.<\/p>\n<p>Azocar, Maria, and Myra Marx Ferree. 2016. &#8220;Engendering the Sociology of Expertise.&#8221; <em>Sociology Compass<\/em> 10(12):1079-1089.<\/p>\n<p>Azocar, Maria, and Myra Marx Ferree. 2015. &#8220;Gendered Expertise.&#8221; <em>Gender &amp; Society<\/em> 29(6):841-862.<\/p>\n<p>Choo, Hae Yeon and Myra Marx Ferree. 2013. \u201cSexual Citizenship and Suffering Subjects: Media Discourse about Teenage Homosexuality in South Korea.\u201d \u00a0Pp 128-143 in Celine-Marie Pascale (ed), <em>Social Inequality and the Politics of Representation: A Global Landscape<\/em>, Sage.<\/p>\n<p>Choo, Hae Yeon and Myra Marx Ferree. 2010. &#8220;Practicing Intersectionality in Sociological Research: A Critical Analysis of Inclusions, Interactions and Institutions in the Study of Inequalities\u201d <em>Sociological Theory<\/em>, 28 (2): 129-149.<\/p>\n<p>Christensen, Wendy M. and Myra Marx Ferree. 2008. &#8220;Cowboy of the World? Gender Discourse and the Iraq War Debate.&#8221; <em>Qualitative Sociology<\/em> 31(3):287-306.<\/p>\n<p>Ewig, Christina and Myra Marx Ferrre. 2013. \u201cFeminist Organizing: What\u2019s Old, What\u2019s New? History, Trends and Issues.&#8221; Pp 437-461 in Georgina Waylen, Karen Celis, Johanna Kantola and Laurel Weldon (eds.) <em>Oxford Handbook of Gender and Politics.<\/em> Oxford University Press.<\/p>\n<p>Herd, Pamela (with Madonna Harrington Meyer) &#8220;Market Friendly or Family Friendly? The State and Gender Inequality in Old Age&#8221;, 2007.<\/p>\n<p>Allendorf, Keera. 2007. \u201cCouples\u2019 Reports of Women\u2019s Autonomy and Health-care Use in Nepal.\u201d Studies in Family Planning 38(1): 35-46.<\/p>\n<p>Choo, Hae Yeon. 2006. \u201cGendered Modernity and Ethnicized Citizenship: North Korean Settlers in Contemporary South Korea.\u201d Gender &amp; Society 20(5): 576-604.<\/p>\n<p>Fujimura, Joan &#8220;&#8216;Sex Genes&#8217;: A Critical Socio-Material Approach to the Politics and Molecular Genetics of Sex Determination.&#8221; Signs: Journal of Women in Culture and Society 2006, vol. 32, no. 1.<\/p>\n<p>Swider, Sarah. 2006. \u201cWorking Women of the World Unite? Labor organizing and transnational gender solidarity among domestic workers in Hong Kong\u201d pp. 110-140, in Global Feminism, edited by Myra Marx Ferree and Alil Mari Tripp<\/p>\n<p>Jessica Autumn Brown and Myra Marx Ferree \u201cClose Your Eyes and Think of England: Pronatalism in the British Print Media\u201d Gender &amp; Society, 2005 19(1): 5-24<\/p>\n<p>Jessica Brown \u201cIn Praise of Good Breeding: Pronatalism and Race in the British Print Media,\u201d Journal of Women\u2019s History, 2003. 15(3): 161-166<\/p>\n","protected":false},"excerpt":{"rendered":"<p>Collections based in part on seminars: Gender, Violence, and Human Security: Critical Feminist Perspectives\u00a0Aili Tripp, Myra Marx Ferree, and Christina Ewig (eds) NYU Press, 2013. Global Feminisms Myra Marx Ferree and Aili Tripp (eds) NYU Press, 2006. Journal Publications: Kang, Youbin (2023) \u201cInfrastructure Aunties\u201d in: Truelove Y. &amp; Annavarapu S. (eds.) Roadsides 9 Gendering Infrastructure: &hellip; <a href=\"https:\/\/www.ssc.wisc.edu\/gender\/?page_id=75\" class=\"more-link\">Continue reading <span class=\"screen-reader-text\">Publications<\/span> <span class=\"meta-nav\">&rarr;<\/span><\/a><\/p>\n","protected":false},"author":7,"featured_media":0,"parent":0,"menu_order":0,"comment_status":"closed","ping_status":"open","template":"","meta":{"footnotes":""},"class_list":["post-75","page","type-page","status-publish","hentry"],"_links":{"self":[{"href":"https:\/\/www.ssc.wisc.edu\/gender\/index.php?rest_route=\/wp\/v2\/pages\/75","targetHints":{"allow":["GET"]}}],"collection":[{"href":"https:\/\/www.ssc.wisc.edu\/gender\/index.php?rest_route=\/wp\/v2\/pages"}],"about":[{"href":"https:\/\/www.ssc.wisc.edu\/gender\/index.php?rest_route=\/wp\/v2\/types\/page"}],"author":[{"embeddable":true,"href":"https:\/\/www.ssc.wisc.edu\/gender\/index.php?rest_route=\/wp\/v2\/users\/7"}],"replies":[{"embeddable":true,"href":"https:\/\/www.ssc.wisc.edu\/gender\/index.php?rest_route=%2Fwp%2Fv2%2Fcomments&post=75"}],"version-history":[{"count":12,"href":"https:\/\/www.ssc.wisc.edu\/gender\/index.php?rest_route=\/wp\/v2\/pages\/75\/revisions"}],"predecessor-version":[{"id":775,"href":"https:\/\/www.ssc.wisc.edu\/gender\/index.php?rest_route=\/wp\/v2\/pages\/75\/revisions\/775"}],"wp:attachment":[{"href":"https:\/\/www.ssc.wisc.edu\/gender\/index.php?rest_route=%2Fwp%2Fv2%2Fmedia&parent=75"}],"curies":[{"name":"wp","href":"https:\/\/api.w.org\/{rel}","templated":true}]}}